 of -d**3/6 + d**2 + 9*d - 1. Let i(b) be the first derivative of q(b). What is i(0)?
2
Let w(r) = -r**2 - 5*r - 4. Let v be w(-3). Let a(c) = -c**2 + 3*c - 3. Let f be a(v). Let m(p) = -13*p. What is m(f)?
13
Let i(m) = 5*m. Let u be ((-8)/(-24))/(1/3). Suppose -u = 7*a - 8. Give i(a).
5
Let a(q) = q**2 + 5*q - 2. Suppose 0 = -4*i + i + 9. Suppose y - i*y + 4 = -4*x, 3*x + 13 = 4*y. Let o = y - 9. What is a(o)?
-2
Let g(z) = -z**3 + 12*z**2 - 10*z - 9. Let v be g(11). Let u(c) = -3*c**2 - 2*c**3 + 3*c**2 + 4 + c**3 - c - 4*c**v. Give u(-4).
8
Let y(q) = -4*q**2 - 6*q + q**2 - 7 + 2*q**2. Let f be (-9)/15 - (-28)/5. Suppose -6*p - 25 - f = 0. What is y(p)?
-2
Let j(i) be the second derivative of i**4/12 - 4*i**3/3 - 9*i**2/2 + 34*i. What is j(7)?
-16
Let f = 5 + -3. Let p(y) = y. Let j be p(f). Let b(s) = 3*s**2 + 1 - s**2 + 3*s**j. Determine b(1).
6
Let h(s) = 14*s**2 + 5. Let y(u) = 2*u**2 - 2*u**2 - 4*u**2 - 2 - u**2. Let t = 14 - 25. Let d(n) = t*y(n) - 4*h(n). Calculate d(-3).
-7
Let a(x) = x**3 - 4*x**2 - 8*x - 2. Suppose -3*k - u + 7 + 6 = 0, -14 = -4*k - 2*u. Calculate a(k).
22
Let a be (4/(-7))/(12/(-42)). Let j(r) = 3 - 6 - r**a + r + r. Calculate j(2).
-3
Let t(p) = -p**2 - 2. Let f be -5*(-6)/(-30)*(-10)/(-2). Calculate t(f).
-27
Let o(g) be the third derivative of -g**8/20160 + g**7/1680 + g**6/360 + g**5/20 + 2*g**2. Let y(c) be the third derivative of o(c). Calculate y(3).
2
Let d be (-1 + -35)/(-3)*19/57. Let j(w) = 3*w - 4. Determine j(d).
8
Let n(h) = -h - 4. Let s(w) = w**2. Let o be s(-1). Let q(x) = 5*x. Let r be q(o). Let c be 1/5 - 1/r. Calculate n(c).
-4
Let i(n) be the first derivative of 3/2*n**2 - 2*n + 4. Give i(3).
7
Let f(g) be the third derivative of g**2 + 0*g + 0 + 2/3*g**3 + 1/6*g**4 + 1/60*g**5. Suppose -d - 5 + 2 = 0. Determine f(d).
1
Let j(r) = 4*r - 7. Let s = -1 + 5. Let q be (-22)/18 + s/18. Let u(g) = -1. Let y(l) = q*j(l) + 4*u(l). Calculate y(2).
-5
Let m = 4 + 1. Let v(c) = c**3 - 4*c**2 - 5*c - 6. Determine v(m).
-6
Let s(m) be the second derivative of m**6/720 - m**5/60 - m**4/6 - 2*m. Let u(v) be the third derivative of s(v). Calculate u(-2).
-4
Let l(h) be the first derivative of 0*h + 1/8*h**4 + 1/12*h**5 - h**2 - 1/3*h**3 + 1/120*h**6 + 2. Let j(q) be the second derivative of l(q). Give j(-4).
2
Let i(h) = 28 - 30*h + 51*h - 11 - 24*h. Give i(7).
-4
Let y = 0 - -2. Suppose -y*u + 20 = 2*u. Let l(m) = 0 + 5*m - m**3 - 3*m**2 - m**2 - u + 2. What is l(-5)?
-3
Let d(o) = 4 + 3*o + 8*o**2 - 2 + 77*o**3 - 7*o**2 - 78*o**3. Calculate d(3).
-7
Let w be (-26)/(-8) - 4/16. Let t(m) = m**3 - 2*m**2 - 5*m + 3. What is t(w)?
-3
Let f(v) = -20*v - 3. Let k(y) = -20*y - 4. Let d(n) = 5*f(n) - 4*k(n). Determine d(-1).
21
Suppose 13 + 3 = -3*y - 5*h, -3*y + 4 = -5*h. Let k(u) = -u**2 - 2*u. Calculate k(y).
0
Suppose 2*x - 3*k = 7*x - 12, 4*x - 5*k = 17. Let q(o) be the third derivative of -o**4/24 + o**3/2 + 8*o**2. Give q(x).
0
Let k(r) be the second derivative of r**3/6 + 6*r**2 + 6*r. Give k(-9).
3
Let d(j) = j + 1. Let a(t) = -4*t**2 - t - 4. Let v(c) = a(c) + 4*d(c). Give v(2).
-10
Let s = 6 - 2. Let n be (-3)/2*s/6. Let i(h) = 3*h - 1. Calculate i(n).
-4
Let d be ((-4)/12)/((-2)/(-6)). Let a be d/(1*(-1)/(-3)). Let t(q) = q**3 + 2*q**2 - 4*q - 3. What is t(a)?
0
Let m(g) = 0*g**3 + 3 + g**3 + 40*g**2 - 38*g**2. Suppose 0 = -5*h + 2*h + 15. Suppose 0 = 3*s + 3*u + 21, 0 = -h*s + 2*u - 2 - 5. Calculate m(s).
-6
Let v(t) = -t**3 + 11*t**2 - t - 10. Let f be v(11). Let c = 18 + f. Let y(k) = -k**3 - 4*k**2 - k - 1. Calculate y(c).
-7
Let l be (-1 + 3 - 0)*-1. Let h(j) = j**2 - 2*j - 2. What is h(l)?
6
Let k(l) = -9*l + l**2 + 4*l - 2 + 5. Let z(g) = g**2 + 5*g + 3. Let y be z(-5). Suppose -y*r + 16 = r. What is k(r)?
-1
Let b(n) = n**3 - 4*n**2 + 4*n - 5. Suppose -39 = 3*i - 15. Let f = 12 + i. Determine b(f).
11
Let u(n) = -7*n + 3. Let p(y) = -8*y + 4. Let m = 14 + -7. Let g(j) = m*u(j) - 6*p(j). What is g(-6)?
3
Let m(o) = o**3 - 3*o**2 + 5*o - 2. Let s = -124 - -127. Determine m(s).
13
Let p(o) = 3*o + 9. Let y = -4 - 3. Let d(r) = -r - 3. Let b(q) = y*d(q) - 2*p(q). Determine b(-5).
-2
Let i(w) = -w**3 + w**2 + w. Let l be i(0). Let c(u) = u - 3. Determine c(l).
-3
Let a(x) = -x**3 - 5*x**2 + 6*x. Let l be a(-6). Suppose -3*y - 11 + 2 = l. Let d(m) be the second derivative of -m**3/2 - 3*m**2/2 + m. What is d(y)?
6
Let s(i) = -2*i**2 - 8*i - 3. Let j = -42 - -37. Determine s(j).
-13
Let f = 9 - 2. Let i(c) = c - 2. Calculate i(f).
5
Let n(z) = z**2 + 4*z + 2. Let u = -5 + 7. Let i be (-12)/6*(-5)/u. Suppose 1 = -2*p - 3*h + 8, i*p + 10 = -2*h. What is n(p)?
2
Let y(n) be the third derivative of -n**4/12 - 2*n**3/3 + 12*n**2. What is y(-3)?
2
Let s be -3 + -2 + 18/2. Suppose 3*d + q = 2*d - 5, -s*q = 5*d + 24. Let p(t) = t**3 + 5*t**2 + 2*t + 3. Give p(d).
11
Let y(i) = i**2 - 1. Let h(f) = -f**2 + f + 1. Let c(l) = h(l) + 2*y(l). What is c(-3)?
5
Let z(r) be the third derivative of r**6/120 - r**5/60 + r**4/24 + 3*r**2. Let i be z(1). Let u(b) = -2*b + 0 + b**2 - b**3 + i + 0*b**3. Give u(1).
-1
Suppose -4*o + 5*w = -17, o = 2*w - 7*w - 27. Let s(p) = -2*p**2 + p + 2. Give s(o).
-8
Let a be (4 - 19)*1/3. Let r(f) = f**3 - f**2 - f + 6. Let q(v) = -13 + 13 - v**2. Let o(p) = -6*q(p) + r(p). Give o(a).
11
Let q(o) = o**2 - 2*o - 1. Let z(p) = -p + 3. Let s be z(3). Suppose -2*h + 3*h - 5 = s. Suppose -h*y + 2 + 3 = 5*d, 13 = d - 3*y. Give q(d).
7
Let w(x) = -x + 1. Let r(p) = 2*p - 2. Let y(v) = 6*r(v) + 11*w(v). What is y(6)?
5
Let r(s) = -s**3 + 6*s**2 + 3*s + 2. Let t be r(6). Let v be 1/2 + t/8. Let o(j) = 2*j + v - 1 + 1. Give o(-5).
-7
Let u(h) = 3*h**2 + h**2 - 5*h**2 - 2*h. Suppose -10 = 3*f + 2. Calculate u(f).
-8
Let v(u) be the third derivative of -u**6/120 + u**5/15 + u**4/24 - u**3/2 - 9*u**2. Determine v(4).
1
Let j(l) be the first derivative of -l**2/2 - 6*l - 1. Let m(v) = -4*v**3 - v. Let n be m(-1). Give j(n).
-11
Let p(h) = 1. Let k(i) = 1. Let g(x) = 3*k(x) - 4*p(x). Let s(w) = w + 13. Let t(j) = -5*g(j) - s(j). What is t(-4)?
-4
Let n(g) = 4*g**2 - 2*g - 2. Let h(z) = -3*z - 2*z - z**2 - 1 + 3*z + 4*z**2. Let a(r) = 3*h(r) - 2*n(r). What is a(2)?
1
Let f(k) be the second derivative of k**8/1344 - k**7/2520 + k**5/120 + k**4/3 + 4*k. Let h(i) be the third derivative of f(i). Give h(-1).
-5
Let k(l) = -l**2 - 7*l - 1. Let q = -27 + 22. Determine k(q).
9
Let x(g) = -15*g**2 - g + 9. Let a(k) = 13*k**2 + k - 8. Let y(h) = -7*a(h) - 6*x(h). Determine y(-4).
-10
Let w(m) = -m + 0*m + 2 - 2. Let r(n) = n + 4. Let s be r(-6). What is w(s)?
2
Let o(k) = -6*k**2 - k. Suppose 2*f = -f + 5*s - 3, f - 4*s + 1 = 0. What is o(f)?
-5
Let x(d) = -2*d - 2. Suppose -g + 3*q + 5 = 0, 5*g = q + q + 25. Suppose g*h + 40 = v - 4*v, -4*v = 5*h + 45. What is x(v)?
8
Let i(f) be the first derivative of 3*f**4/2 + f + 59. Give i(-1).
-5
Let j(b) = -2*b**3 + 9*b**2 - b - 4. Let u(z) = -z**3 + 5*z**2 - z - 2. Let d(q) = -3*j(q) + 5*u(q). Give d(2).
-2
Let d be 0/((-1*4)/2). Suppose -2*u = -d*u - p + 8, 0 = 5*p. Let t(j) = 2*j**2 + 0*j + 3*j - j**2 - 5. Determine t(u).
-1
Let d(t) = -5*t - 4. Let c(y) = -y**3 + 7*y**2 + 10*y - 19. Let f be c(8). Give d(f).
11
Let x(d) be the third derivative of 1/2*d**3 - d**2 - 1/12*d**4 + 1/20*d**5 + 0*d + 0 - 1/60*d**6. Give x(2).
-5
Suppose j - 6 = -0*x + 3*x, 2*x - 3*j - 3 = 0. Let k(f) = f**3 + 4*f**2 + 2*f + 1. What is k(x)?
4
Let q(z) be the third derivative of z**6/720 - z**5/24 + z**4/24 - z**2. Let k(x) be the second derivative of q(x). Give k(5).
0
Let p(d) be the first derivative of d**3/3 + 4*d**2 - 3*d - 5. Determine p(-7).
-10
Let l(i) = -i**2 - 2*i - 4. Suppose -b - b + 5*y = -43, 0 = -3*b + 4*y + 54. Let z = -10 + b. Suppose -r = -z*r - 9. Determine l(r).
-7
Let v(w) = -2*w**3 - 3*w**2 - w + 1. Let d be (0 - (-2 + 3))*12. Let f = 20 + d. Suppose 3*t = 2*x - f, 6 = 4*x + x - 4*t. Determine v(x).
7
Suppose 0 = -5*v + 13 - 8. Let j(u) = -4*u + v + 4 + 2*u - u**2 - 3. What is j(2)?
-6
Suppose -s - 4*b + 2 = -b, s + 2*b = 0. Suppose 5*y = -5*o + 40, 2*y = -3*o - 3*y + 28. Let j(m) = -5*m + 5*m**2 - o*m**2 - 1 - 1. Give j(s).
2
Let b(g) be the second derivative of -g**3/6 - g**2 - 2*g + 30. Suppose 4*j + 8 - 24 = 0. Give b(j).
-6
Let d(k) be the first derivative 